a prime number?
False
Is 512652521 composite?
False
Is 21097898033 composite?
False
Is 41741741 a composite number?
False
Is 43395199 prime?
True
Is 18262609993 a composite number?
False
Is 16878780823 a prime number?
True
Is 8489865697 a composite number?
True
Is 29417776277 a prime number?
True
Is 77503227803 a composite number?
False
Is 4514864447 prime?
True
Is 7716796001 a prime number?
True
Is 14824257841 a composite number?
False
Is 2018616539 composite?
False
Is 17700211679 a prime number?
True
Is 18152874373 a prime number?
False
Is 24394435041 a composite number?
True
Is 92599819447 composite?
True
Is 114730750961 a composite number?
False
Is 8028569006 composite?
True
Is 709310263 composite?
False
Is 3969355957 composite?
True
Is 11113322081 prime?
False
Is 13173896419 a composite number?
False
Is 80381581447 a composite number?
True
Is 326189555 a composite number?
True
Is 6290337587 composite?
False
Is 135038676029 a composite number?
False
Is 5480247361 a prime number?
True
Is 2034069953 a composite number?
False
Is 568609721 a prime number?
False
Is 2574725897 a prime number?
True
Is 400698140147 composite?
False
Is 29642176789 prime?
True
Is 247375883 a composite number?
False
Is 303907723 composite?
True
Is 664838231 composite?
True
Is 2330432677 composite?
True
Is 94399229 composite?
False
Is 30112794887 composite?
True
Is 141457332201 a prime number?
False
Is 7124116061 prime?
True
Is 18603107051 a prime number?
True
Is 27053560157 a composite number?
True
Is 21341000843 prime?
False
Is 6081661349 composite?
False
Is 5609370331 composite?
False
Is 11050145311 prime?
True
Is 14611587365 composite?
True
Is 29124089 a prime number?
False
Is 467554507 a prime number?
False
Is 10800983489 prime?
True
Is 843768437 prime?
True
Is 55014727369 composite?
True
Is 50757541273 a prime number?
False
Is 590879369 prime?
True
Is 40172542063 composite?
True
Is 1453933133 prime?
True
Is 618267773 composite?
False
Is 941978747 prime?
False
Is 129840383 prime?
True
Is 24306382159 prime?
True
Is 203120599 a prime number?
False
Is 155089159 prime?
False
Is 33765305639 a composite number?
True
Is 93330656987 prime?
True
Is 66078673907 composite?
False
Is 3346276441 composite?
True
Is 1662030211 a composite number?
True
Is 2264401633 prime?
False
Is 1532850721 a composite number?
False
Is 71030836277 composite?
False
Is 3850474759 prime?
True
Is 15339472523 composite?
False
Is 2119908101 a prime number?
False
Is 12448366219 a prime number?
False
Is 44516956373 a composite number?
False
Is 13652432866 prime?
False
Is 24619890809 composite?
False
Is 6453859057 prime?
False
Is 33316519109 composite?
False
Is 56487456511 prime?
False
Is 11423738281 composite?
True
Is 943407461 a composite number?
False
Is 21495880457 a prime number?
True
Is 59996971 composite?
False
Is 42155727157 prime?
False
Is 4780468499 a prime number?
True
Is 38639981 a prime number?
False
Is 2853622663 composite?
False
Is 55746857981 composite?
False
Is 223864735567 a composite number?
True
Is 17328897013 prime?
False
Is 20254802039 prime?
True
Is 8296013431 a composite number?
True
Is 2682607927 composite?
False
Is 43539641 a composite number?
True
Is 71292754783 a composite number?
False
Is 8889199313 a prime number?
False
Is 5771206027 composite?
False
Is 1865629001 a prime number?
True
Is 8289012427 prime?
False
Is 917896879 a composite number?
False
Is 1275248137 a prime number?
False
Is 6711353 a composite number?
True
Is 50591756219 composite?
False
Is 76181714887 a composite number?
True
Is 1952709643 prime?
False
Is 285541073 prime?
True
Is 3125155427 composite?
True
Is 8276432891 composite?
False
Is 5734994101 prime?
True
Is 478479821 a prime number?
False
Is 14595251149 prime?
False
Is 769197959 prime?
False
Is 665862343 a composite number?
True
Is 17893745401 a prime number?
False
Is 25450677277 a prime number?
True
Is 122730949631 prime?
True
Is 190423843 composite?
False
Is 990597989 prime?
False
Is 301918787 composite?
False
Is 3438480743 prime?
False
Is 39036764126 a prime number?
False
Is 5746921379 prime?
False
Is 50693738311 a composite number?
True
Is 364992017 a prime number?
False
Is 11277452567 a prime number?
True
Is 2569811831 a prime number?
False
Is 1626662891 a prime number?
False
Is 121940786063 composite?
True
Is 597487157 composite?
True
Is 58753819 a prime number?
False
Is 23764210597 a composite number?
True
Is 1628213143 prime?
True
Is 2567396539 composite?
False
Is 59479428559 prime?
True
Is 6708165281 a prime number?
True
Is 3402849361 prime?
True
Is 1724528851 prime?
False
Is 158037197 composite?
False
Is 280426711 composite?
False
Is 214477126823 a prime number?
False
Is 11076797527 composite?
True
Is 45539355431 prime?
False
Is 3654298273 prime?
True
Is 109642341 a composite number?
True
Is 2147409769 composite?
True
Is 522333863 composite?
False
Is 17060501 a prime number?
True
Is 765930467 prime?
True
Is 160194589 a prime number?
False
Is 5418895861 prime?
True
Is 6243010561 a prime number?
True
Is 143456924789 a prime number?
True
Is 75808409 a prime number?
True
Is 123603106451 composite?
True
Is 292247815 prime?
False
Is 128619584909 a composite number?
False
Is 1870413991 prime?
True
Is 875919659 prime?
False
Is 5664590809 a composite number?
False
Is 9677474399 a composite number?
True
Is 424640383 a prime number?
True
Is 11791228213 composite?
False
Is 2760183269 composite?
False
Is 83548807 composite?
False
Is 2870410523 prime?
True
Is 151884263 a composite number?
False
Is 740125067 a composite number?
True
Is 10056596273 composite?
True
Is 3666390241 composite?
True
Is 13025958467 a composite number?
True
Is 116662433 prime?
True
Is 103841666813 composite?
False
Is 68178031 a composite number?
False
Is 36249802 prime?
False
Is 11867528447 a prime number?
False
Is 1911898487 a prime number?
False
Is 27741927899 prime?
False
Is 3338697269 prime?
False
Is 307044103 composite?
True
Is 6819550343 prime?
True
Is 998031383 a composite number?
False
Is 5923151261 a composite number?
True
Is 2903028691 composite?
False
Is 14777909851 composite?
True
Is 214343681 prime?
True
Is 13692088651 composite?
False
Is 47370775199 a prime number?
False
Is 465970723 composite?
False
Is 8941268981 a prime number?
True
Is 43271115061 prime?
True
Is 867928739 composite?
True
Is 160029523 a prime number?
True
Is 149666710451 a prime number?
True
Is 73337666 a prime number?
False
Is 186304133 prime?
True
Is 250708681 a prime number?
True
Is 1907446357 a composite number?
True
Is 18587865341 prime?
False
Is 2408815747 composite?
True
Is 107277965 a composite number?
True
Is 1322518397 composite?
False
Is 247907053 composite?
True
Is 15427152781 a composite number?
False
Is 11880793889 prime?
False
Is 14206415 prime?
False
Is 115835775673 a composite number?
False
Is 8056125569 a composite number?
True
Is 190853910355 prime?
False
Is 474925757 a prime number?
True
Is 3251989183 a composite number?
False
Is 10298242313 prime?
True
Is 774101039 composite?
False
Is 305700289 a prime number?
True
Is 242877347 a composite number?
True
Is 10048415819 a prime number?
False
Is 7503826013 composite?
True
Is 1262208257 composite?
False
Is 251137543 prime?
False
Is 2571753871 a composite number?
False
Is 861707083 prime?
True
Is 369680789 a composite number?
False
Is 245357626037 a prime number?
True
Is 99871115254 a composite number?
True
Is 24679695041 a composite number?
False
Is 415017829 a prime number?
False
Is 1951111493 prime?
True
Is 10484581373 composite?
True
Is 2313385639 a composite number?
False
Is 1492895897 composite?
False
Is 5702636387 a composite number?
True
Is 4975545349 composite?
True
Is 1601779567 prime?
False
Is 7377739991 a prime number?
False
Is 5391308833 a prime number?
False
Is 58773266393 a prime number?
True
Is 701434441 prime?
False
Is 542317249 a prime number?
True
Is 55110390617 a prime number?
True
Is 1692294073 a composite number?
False
Is 249039419 composite?
False
Is 257262977 a prime number?
True
Is 3453001547 a prime number?
True
Is 5625934133 a composite number?
False
Is 248794883 a composite number?
True
Is 96770837 a composite number?
True
Is 4473927833 prime?
False
Is 31299887 prime?
False
Is 331620137 composite?
False